f(k) be the first derivative of l(k). What is f(0)?
2
Let c(i) be the first derivative of i**4/4 - i**3 - i**2/2 + 2*i + 12. Give c(3).
-1
Suppose -1 = 6*r - 2*r + w, -5*w - 21 = 4*r. Let f(p) be the first derivative of -7*p**2/2 - 24. Calculate f(r).
-7
Let w be (-3)/(-2) + (-3)/2. Suppose 4*n + w = 12. Let h(o) = o**3 - 3*o**2 + 3*o - 1. Give h(n).
8
Let w(z) = -20*z**2 - 2 + 16*z**2 - z**3 + 2*z**3. Calculate w(3).
-11
Suppose 3*c + 0*c - 21 = 3*s, 0 = 3*c + s - 1. Let r(o) = 2 + c - 5 + 2 - o**3. Let n = 3 + -4. Determine r(n).
2
Let p = -1 + 3. Suppose 0 = -3*q - m - p, 4*m + 10 = -2*q - m. Let r(v) = -4*v**2 - 4*v + 1. Let w(o) = -o**2 - o. Let a(i) = 2*r(i) - 7*w(i). Calculate a(q).
2
Let b(n) be the third derivative of -n**6/120 + n**5/15 + n**4/12 + 7*n**3/6 + 29*n**2. Let z(i) = 4*i**2 + 2*i - 1. Let a be z(1). Give b(a).
-8
Let s(f) = 0*f - 3 - 2*f - f**2 + 0. Let t be (-3 - 4) + (-2 - -6). Determine s(t).
-6
Suppose 48 = -5*n + 9*n. Suppose j + 2*j = -n. Let k(f) be the second derivative of -f**4/12 - f**3/2 - 3*f**2/2 + f. Determine k(j).
-7
Let g(m) = -2*m + 1. Let v(k) = 3*k. Let u(x) = 6*g(x) + 5*v(x). Determine u(-4).
-6
Let y(l) be the first derivative of 2*l**2 - 2*l + 9. Determine y(-2).
-10
Let d be (-46)/(-14) + 4/(-14). Suppose -d*y = -y - 16. Suppose w + 0*z = z, 2*z = y. Let c(r) = -r**3 + 5*r**2 - 5*r + 3. Determine c(w).
-1
Let a be (-1)/(3/(36/3)). Let j(i) = i**2 + i + 1. Let k(b) = -11*b**2 - 5*b - 5. Let p(s) = a*j(s) - k(s). Determine p(-1).
7
Let d(i) = 2*i - 7. Let x(v) = 2*v - 8. Let u(z) = 6*d(z) - 5*x(z). Let p = -3 - -5. Calculate u(p).
2
Let w(k) = -k**2 + 6*k + 10. Let r(t) = 4*t - 5. Let h be r(3). Calculate w(h).
3
Let h(o) = -53*o**2 - 3*o + 2 + 0 + 45*o**2. Calculate h(2).
-36
Let v(t) = t - 2*t - 5*t. Let d be (-2)/(-9) - 80/36. What is v(d)?
12
Let d(m) = -26 + 13 - 3*m + 7. Determine d(5).
-21
Let u(b) = 2*b**3 + b. Let v(n) = -3*n + 14. Let g be v(5). Give u(g).
-3
Let b = 8 + -5. Let l(m) be the third derivative of m**5/30 - m**4/12 - 24*m**2. Determine l(b).
12
Suppose 2*d - 7 = j - 0, 0 = -5*d - 2*j + 40. Let t = -20 - -24. Let y(v) = -2*v - 42 + 45 + v**2 - t*v. Determine y(d).
3
Let d(h) = -h**3 - 2*h**2 + 2*h - 1. Let o(f) = -f**3 - 10*f**2 + 10*f - 10. Let v be o(-11). Give d(v).
-2
Let u be (-12)/(-7) + 2/7. Suppose u = 3*q + 11. Let j(n) = n**3 + 0*n - 4 - 4*n + 0*n + n**2. Calculate j(q).
-10
Let r(x) = 9*x**3 - 5*x**2 - 4*x - 10. Let q(n) = 7*n**3 - 5*n**2 - 4*n - 9. Let m(v) = 5*q(v) - 4*r(v). Calculate m(-5).
15
Suppose -4 = -2*o + 2. Let l(f) = -2*f - f**2 + 0*f**2 - o + 0*f. Let g(q) = q**2 - 7*q + 4. Let c be g(6). Give l(c).
-3
Let u(r) be the second derivative of -r**3/2 + 7*r**2/2 - r. Let f(d) = 4 - 3*d + 10 - 2*d. Let o(v) = 4*f(v) - 7*u(v). Give o(0).
7
Suppose -2*w - 2*w + 12 = 0. Let p(h) = h + 3*h**3 + 3*h**3 - w*h**3 - 1 - 5*h**2. Let b(m) = -2*m**3 + 3*m**2. Let l(d) = 5*b(d) + 3*p(d). Calculate l(2).
-5
Suppose 2*a - 1 = -w, 2 = -w - 0*w - a. Let j(k) = -2*k**2 - 6*k - 2. Calculate j(w).
-22
Let x(c) = 3*c**3 + 7*c**2 + 17*c - 4. Let n(f) = -2*f**3 - 5*f**2 - 11*f + 3. Let u(t) = 8*n(t) + 5*x(t). Let i = -2 - -3. Suppose i = y + 4. Give u(y).
-5
Let y(w) = -10*w + 7*w + w. Suppose -9 = -3*j + 3. Let k be -1 - 2 - (j + -4). Calculate y(k).
6
Let k(r) = 1 + 5 + 1 + 5*r - 6. What is k(-1)?
-4
Let x(c) = 2*c + 4. Suppose -4*q + 2*j = 54, 2*q - 2*j + 28 = -2. Let a be 64/q + (-2)/(-6). Let t be ((-14)/(-5) - 2)*a. Give x(t).
-4
Let p(q) be the second derivative of -1/20*q**5 + 0*q**2 - 2/3*q**3 - 2*q + 1/3*q**4 + 0. Determine p(3).
-3
Suppose -3 = 3*o - 21. Let d(x) = -5 + x**3 + 5*x**2 + 7*x + 2 - 2 - 2*x**3. Let p be d(o). Let f(a) = -9*a + 1. Calculate f(p).
-8
Let g(q) = -18*q**3 + 13*q**3 + 6*q**3 - 6*q**2 - 2 + 6*q. Determine g(5).
3
Let o(y) = 7*y**2 + y**2 - 2*y**2 + y**3 + 6*y + 3. Suppose 6 = h - 0. Let k be ((-10)/h)/(5/15). Calculate o(k).
-2
Let x = -2 - -5. Let t(n) = n**3 + 2*n + 0*n**2 + 311 - 309 - 3*n**2. Give t(x).
8
Let c(w) = 4*w**2 - w - 2 - 4*w**2 - w**2 + 2*w**2. Determine c(4).
10
Let h(x) = x**2 - 6*x + 7. Let m be 22/4 - 1/2. Suppose 40 = m*q - 0*q. Suppose 2*k = v - k - q, -v + 4 = k. Give h(v).
2
Let z = -10 + 13. Let b(c) be the first derivative of -c**3/3 + c**2/2 + 4*c + 1. What is b(z)?
-2
Let v = 3 - -5. Let w(q) = 6 + 2 - 3 + 4*q + q**2 - 13*q. Determine w(v).
-3
Let v be ((-3)/4)/(1/(-4)). Suppose -4*s - 4*z + 28 = 0, -v*z + 8*z = -4*s + 33. Let y(h) = 3 - 3 + h**2 + 1 - h + 1. Determine y(s).
4
Let c(z) be the first derivative of -z**5/30 - 5*z**4/12 - z**3 + z**2 + 7. Let o(i) be the second derivative of c(i). Determine o(-6).
-18
Suppose 0 = 11*a - 6*a + 10. Let w(f) = -10*f**3 + 3*f**2 - 4*f + 10. Let y(j) = 3*j**3 - j**2 + j - 3. Let p(h) = a*w(h) - 7*y(h). What is p(2)?
-1
Let b be 20/(-30)*27/(-2). Let f(v) = -9*v + b*v + 3*v**3 + 1. Give f(1).
4
Suppose -6*s = -10*s. Let y(c) be the third derivative of -1/24*c**4 - 1/120*c**6 + 0*c + 1/6*c**3 - 3*c**2 + s - 1/60*c**5. Calculate y(1).
-2
Let a(s) = s + 1. Let v(m) = 5*m + 5. Let f(k) = 6*a(k) - v(k). What is f(-5)?
-4
Let n(w) = -w**3 - 2*w**2 - 3*w - 3. Let q(p) = -2*p**3 + 2*p**3 + p**3 + 0*p**3 + p. Let r be q(-1). Determine n(r).
3
Suppose 2*y + 1 = -1. Let g(t) = 2*t - 6*t + t + 0*t. Calculate g(y).
3
Let p be (-30)/(-7) - 2/7. Suppose -o = p - 1. Let k(l) = -l - 2 - 2 + 0. Determine k(o).
-1
Let q(m) be the first derivative of -m**4/4 + 3*m**3 - 5*m**2 + 12*m + 38. What is q(8)?
-4
Let t(a) = -a**3 - 5*a**2 - 3*a - 7. Let d = -9 + 7. Let h(z) = 6*z**2 + 3*z + 2. Let p be h(d). Suppose y + p = -3*y. Calculate t(y).
8
Let y(i) = i**2 - 8*i - 2. Let w be y(9). Let x(b) = -8*b**2 + 3 + 2*b + w*b**2 + 0*b. What is x(-2)?
-5
Let l(a) = -a**3 + 4*a**2 - 4*a + 3. Let o be l(2). Suppose -30 = o*u - 8*u. Let s = -8 + u. Let v(f) = -f**2 - 4*f - 3. What is v(s)?
1
Let i be (-4)/(2/1*-1). Let h be -2 + 0 + (3 - 1). Suppose 0 = 2*p + i, p = -g - h*p. Let v(j) = j**2 + j. Give v(g).
2
Let j(w) = -w**3 + 5*w**2 - w - 5. Let m be 5 - (0 - 0)/((-6)/6). Give j(m).
-10
Let a(k) = 3*k + 2. Let l(z) = -z - 1. Let o(w) = 3*a(w) + 7*l(w). Determine o(1).
1
Let d(h) = 11*h + 1. Let u = 8 - 2. Let s be 2*(1 + u/(-4)). Determine d(s).
-10
Let y(x) = -x + 2. Let h(t) = t**3 - 4*t**2 + 2*t - 6. Let j be h(4). Let d be y(j). Let k(g) be the first derivative of g**2/2 - 198. Give k(d).
0
Let m be ((-9)/(-6))/(6/8). Suppose -4*f = 5*o + 2, -7*o + m*o - 4 = 3*f. Let h(v) = -2 - 2*v + 5*v**2 + v**3 - v**2 - 2*v**2. What is h(o)?
2
Let l(z) = -2*z + 8. Let r be l(4). Let s(d) = -d - 6. Calculate s(r).
-6
Let z be 3 - (0/2 - 0). Let x(o) be the second derivative of o**5/20 - 5*o**4/12 + o**3/2 + 2*o**2 + 16*o. Calculate x(z).
-5
Let y(m) = m**3 - 4*m**2 - m - 3. Suppose 4*r + r = 5. Let d = 0 + r. Let f = 5 - d. Determine y(f).
-7
Let l(r) be the second derivative of r**7/840 - r**6/90 + r**4/8 + r**3/6 - 2*r. Let h(j) be the second derivative of l(j). What is h(3)?
-6
Let t(n) = -20*n + 17. Let h(d) = 0*d + 4*d + 6 - 6*d - 5*d. Let f(q) = -17*h(q) + 6*t(q). What is f(5)?
-5
Let j(f) = f**2 - 6*f + 6. Suppose -42 = -5*w - 4*o, -15 = -w - 5*o + 2*o. Give j(w).
6
Let c be 7/9 + (-2)/(-9). Let b(x) be the first derivative of x**6/360 - x**4/24 - 14*x**3/3 + 10. Let d(o) be the third derivative of b(o). What is d(c)?
0
Let y(d) = -38*d - 2 + 2 + 37*d - 4. What is y(-3)?
-1
Let q(d) = 2*d**2 + 5*d - 2. Let j be q(-4). Suppose 4*t + t = j. Let i(b) = -8*b**2 - 5*b + 2 + 2*b**t + 0*b - 1 - b**3. Determine i(-5).
1
Let s(c) = 4*c + 6. Let q(r) = r + 1. Let p(b) = -3*q(b) + s(b). Calculate p(6).
9
Let q(c) = -32*c**2 + 12*c**2 + 17*c**2. Calculate q(1).
-3
Let n(s) = 3*s**2 + 3*s + 4. Let f be n(0). Let u(c) = 3 + c**2 + 5*c + c**2 - 4*c**2. Give u(f).
-9
Let c(y) = -3*y**3 - 2*y**2 + 2*y + 2. Let u(i) be the first derivative of -7*i**4/4 - 5*i**3/3 + 5*i**2/2 + 5*i - 9. Let k(w) = -5*c(w) + 2*u(w). What is k(1)?
1
Let s(i) = i**3 + 5*i**2 - 2*i - 2*i**3 + 5 - 1. Let p be 1/(-2) + 88/16. Calculate s(p).
-6
Let n be -3 - -8 - (-6)/(-2). Let l(i) = -5 + 2*i - 7*i + i**3 + 0*i**2 + 4*i**n. Give l(-5).
-5
Let b(q) = q**2 + 1. Let v be b(1). Let n(c) = c**3 - 3 + 7*c + 9 + 0*c**2 + 7*c**v. Calculate n(-6).
0
Let p(l) =